me factors of ((-27)/54)/(1/q)?
59
Suppose 6*m - 10*m = 32. Let j(w) = -6*w - 1. Let c be j(5). Let d = m - c. List the prime factors of d.
23
Let i = 63 + -62. Suppose -329 = -5*b + i. What are the prime factors of b?
2, 3, 11
Suppose 31 = 2*u - 5*n, -n + 117 = 5*u - u. Suppose 4*z = -4*h - 36, 3*h = 5*z + 26 - 5. List the prime factors of (u/(-1))/(z/9).
2, 3, 7
What are the prime factors of (1 - -201)*(131 - 116)?
2, 3, 5, 101
Let u(x) be the second derivative of x**5/20 + x**4/3 - x**3/6 + 7*x**2/2 + 5*x. What are the prime factors of u(3)?
67
Let g = 77 + -65. Suppose -36 = -3*h - 3*t, -4*h + g + 39 = 3*t. List the prime factors of h.
3, 5
Let m(j) = -j**3 + 8*j**2 + 10*j - 5. Let r = 25 + -17. Let b be m(r). Suppose -6*c = -c - b. What are the prime factors of c?
3, 5
Suppose 0 = -188*k + 192*k - 296. What are the prime factors of k?
2, 37
Let q(m) = -5476*m + 5. List the prime factors of q(-1).
3, 7, 29
Let b = -1987 + 2831. What are the prime factors of b?
2, 211
Let x = -2324 - -4260. What are the prime factors of x?
2, 11
Suppose -2*d - 38 = 4*l - 3*d, 0 = -l + 5*d. Let u be l*(1 + 46/(-4)). Suppose -3*c + 2*z + u = 0, 5*c - 163 - 14 = 4*z. What are the prime factors of c?
3, 11
Suppose 24*y - 28*y + 20 = 0. Suppose y*d + 88 = 358. List the prime factors of d.
2, 3
Let f = -147 + 237. List the prime factors of f.
2, 3, 5
Suppose 0 = -d - 5*j - 51, -5*d - 49 - 164 = 4*j. Let a = d - -176. List the prime factors of a.
3, 5
Suppose -2*m = 22*g - 26*g + 5416, -2*m - 1354 = -g. List the prime factors of g.
2, 677
Let g = -149 - -224. Let d = g - 29. What are the prime factors of d?
2, 23
Let u = 17 - 3. Let p = -14 + u. Let l(b) = b**3 - b**2 + 2*b + 33. List the prime factors of l(p).
3, 11
Let z = -165 - -319. What are the prime factors of z?
2, 7, 11
Suppose 5*o - 2*r = 1521 + 1714, -3*o = 2*r - 1941. What are the prime factors of o?
647
Let h(c) = -16*c - 58. List the prime factors of h(-30).
2, 211
Suppose 5*k - 5 = -3*m - 2*m, -k = -2*m + 8. Suppose -5*n = m*n - 1000. List the prime factors of n.
5
Let b = 119 + -110. Suppose -b*y + 16 = -7*y. List the prime factors of y.
2
Suppose g - 100 = 2*c, 191 + 331 = 5*g + c. What are the prime factors of g?
2, 13
Let y be (4 - 368/(-36)) + (-8)/36. Let n(l) = 12*l - 41. List the prime factors of n(y).
127
Let b be 1 + 0 - (0 - -1). Suppose -3*k = 3*c + 3, b*c - 3*k - 11 = -c. Suppose -3*q - c*q + 75 = 0. List the prime factors of q.
3, 5
What are the prime factors of ((-39699)/(-264))/((-6)/(-32))?
2, 401
Suppose -o - l + 5 = 0, 6 = 2*o + l - 1. Suppose -4*j - 5*g + 15 = 0, 4*j - 2*g - 9 = 13. Suppose -j - 143 = -o*i. What are the prime factors of i?
2, 37
Suppose 2*c + 3*y = -961, 3*y + 2374 = -5*c + 5*y. Let q be 2/7 - c/49. Suppose -2*i - q = -3*i - 2*z, 0 = 5*i + 3*z - 71. What are the prime factors of i?
2
Let d(q) = -q**3 - 12*q**2 - 17*q - 24. Let x be d(-11). Let r = 73 + x. List the prime factors of r.
5, 23
Let c = -15 + 27. Let q(l) = 2*l**2 - 11*l + 4. What are the prime factors of q(c)?
2, 5
Suppose -115*w + 18504 = -97*w. List the prime factors of w.
2, 257
Let m = 104 - -12. Suppose 46 = 2*h - h - 4*q, 0 = -2*h - 4*q + m. Suppose -5*j = d - 157, -2*j - 5*d + 18 + h = 0. What are the prime factors of j?
31
Let w = -37 + 42. List the prime factors of (-184)/1*(-4)/(w - -3).
2, 23
Let q = 43 + 562. What are the prime factors of q?
5, 11
What are the prime factors of 1*96 + (1 - 8 - -4)?
3, 31
Let x(h) be the first derivative of -h**4/4 + 5*h**3/3 + 2*h**2 - 2*h + 7. Suppose -2*q = 3*d - 1 - 3, -5*d = -q + 15. List the prime factors of x(q).
2, 3
Let q(z) = 2*z**2 - 2*z - 2. Let w be q(2). Let p = 16 - 12. Let j = p + w. List the prime factors of j.
2, 3
Suppose 4*a = -0*a + j + 84, 0 = 2*j. Let k = a - -13. List the prime factors of k.
2, 17
Suppose -l - 3*l + 20 = 0. Suppose 5 = -l*f, 4*i = 4*f + 556 - 40. List the prime factors of 4 - (i/(-4))/1.
2, 3
What are the prime factors of (3/((-3)/(-1040)))/(72/108)?
2, 3, 5, 13
Let p be (2/(3 + -2))/1. Suppose -p*c + 0*c - 3*o + 71 = 0, 3*o + 3 = 0. List the prime factors of c.
37
Let w be 2 - -138 - (1 + 1)*-1. Suppose 4*d - 289 = -2*v + 169, -d + 5*v + w = 0. What are the prime factors of d?
3, 13
Suppose -3*r + 3*p + 2 + 4 = 0, -2*r - 3*p = -24. Suppose -3*f - r = -6*f. List the prime factors of (-6 + f)*(-44)/16.
11
Suppose 32*k - 28*k - 2*n - 20514 = 0, 5*k - 3*n - 25642 = 0. What are the prime factors of k?
23, 223
Let y(p) = -7*p**2 + 3*p + 6. Let t(h) = h**2 - 1. Let f(z) = -5*t(z) - y(z). What are the prime factors of f(-9)?
2, 47
Let p(q) be the first derivative of -13*q**4 + q**3/3 + q**2/2 - 2*q + 1. Let c be p(1). Let u = -37 - c. What are the prime factors of u?
3, 5
Suppose 0 = -7*g + 3*g + d - 14, 10 = -2*g - d. Let j be (-14)/(-8) + (-1)/g. Suppose j*h = 45 + 11. List the prime factors of h.
2, 7
Suppose h - 4 - 6 = 0. Suppose 6 = -8*j + 9*j. Suppose 0 = j*l - 2 - h. List the prime factors of l.
2
Let r be (-2)/(-6) - (-280)/(-12). Let u = 82 - r. List the prime factors of u.
3, 5, 7
Let s be (-6 - -8)/((-2)/(-38)). Let z = -7 + 8. Suppose 0 = n - 4*g - s, -5*g - z = 14. List the prime factors of n.
2, 13
Let d(u) = 4*u**3 - 1. Let o be d(-1). Let q(l) = 3*l**2 + 2*l - 5. List the prime factors of q(o).
2, 3, 5
Suppose -11*a = -13*a + 1214. What are the prime factors of a?
607
List the prime factors of (-2)/(-6) + (-3 - (-1864)/24).
3, 5
Suppose 4*j - 4*b - 3968 = 0, j = -4*b - 308 + 1325. What are the prime factors of j?
997
Suppose 39*a - 3648 = 7428. List the prime factors of a.
2, 71
Let y(s) = 2*s**2 + 3*s + 28 - 20 + s. What are the prime factors of y(6)?
2, 13
Let p(r) = 16*r**2 - 4*r - 5. Let i be p(-2). Let d = 128 - i. List the prime factors of d.
61
What are the prime factors of (-6)/(-4)*7/(105/1480)?
2, 37
Suppose -11*u + x = -7*u - 911, -5*x = 3*u - 666. What are the prime factors of u?
227
Suppose -5*m = -2*m - 132. Suppose -4*k = 3*c - 8*c + 202, m = c + k. What are the prime factors of c?
2, 3, 7
Let g = -6 - -12. Let j be (g/12)/((-1)/(-2)). Let q = 14 + j. What are the prime factors of q?
3, 5
Let w(z) = 5*z**2 + z - 95. What are the prime factors of w(8)?
233
Suppose -y - 10 = -6*y. Let f = -442 + 439. List the prime factors of y/(-16)*f*8.
3
Suppose 20*t - 22*t = -10. Suppose t*i = i + 20. Suppose -20 = 3*w + 2*w, -98 = -3*c + i*w. List the prime factors of c.
2, 13
Suppose -16 + 30 = 2*n. Let u(a) = a**3 - 4*a**2 - 6*a - 13. List the prime factors of u(n).
2, 23
List the prime factors of 2 + -2 + (3 - 1).
2
Suppose -3*k = 15 + 15. Let m = 112 + k. What are the prime factors of m?
2, 3, 17
Let t be (-664)/16 - 2/4. Let z = t - -166. What are the prime factors of z?
2, 31
Let g(w) = w - 3. Let f be g(7). Let z be f/(32/(-36))*-30. Suppose -z = -4*c - 39. What are the prime factors of c?
2, 3
Let s(d) = 32*d**3 + 2*d**2 - d + 7. Let x be s(3). List the prime factors of 1/(3 + x/(-296)).
2, 37
Let d be 176 + -1 + -1 + 2. Let r = -117 + d. List the prime factors of r.
59
Let v be ((-12)/36 + (-22)/24)*-4. Suppose -5*t + v*x + 480 = 0, -2*t = -x + 72 - 263. What are the prime factors of t?
5, 19
Let s(g) = -g**3 + g**2 - 3*g - 5. Let o be s(-2). Let b = o + -6. List the prime factors of b.
7
Let h(r) = 3*r - 26. Let j be h(11). Let s be -1 + j + (10 - 11). Suppose -3*t + 23 = x, 8 = 2*x + s*t - 43. What are the prime factors of x?
2, 19
Let p(y) = -y**3 + 5*y**2 - 2*y + 21. Let g be p(-7). Suppose -4*d + 5*k + 264 = -g, 5*d = -3*k + 1118. List the prime factors of d.
223
Let x be ((-11)/3 - -1)*(-3)/2. Suppose x*s = -9 + 1, -30 = -2*u + 5*s. List the prime factors of u.
2, 5
Suppose -64*w - 92196 = -103*w. What are the prime factors of w?
2, 3, 197
Let i be (9/4)/((-3)/16). Let x(w) = 2*w + 14. Let m be x(i). What are the prime factors of (-15)/m*80/3?
2, 5
Let v = 26 + -11. Suppose 0 = -d + 4*d + w + 3, 2*d + 5*w + v = 0. Suppose -2*g - 2*g = 3*l - 71, -4*g - 2*l + 74 = d. What are the prime factors of g?
2, 5
Suppose -2*b - 5*u = 17, -4*b + 22 = -b - 2*u. Let a(v) = v - 1. Let o be a(b). Suppose o*l - 15 = 0, 2*z = -3*l + 15 + 4. What are the prime factors of z?
2
Let a be 1854/126 - ((-18)/(-21))/(-3). Let w(j) = 3*j**2 - j - 1. Let y be w(-1). Suppose d - a = -y. What are the prime factors of